NOAA-style Climate Reports

   V/Λ SELECT: Month and Year   OR  >   Month
                   Monthly Climatological Summary for août 2022

Name:     City: Meyenheim   State: Alsace, FR
Elevation: 210 m  Lat: N 47°° 54' 42"   Lon: E 007°° 21' 20"

                  Temperature (°°C), Rain (mm), Wind Speed (km/h)

                                      Heat  Cool        Avg
    Mean                              Deg   Deg         Wind                 Dom
Day Temp  High   Time   Low    Time   Days  Days  Rain  Speed High   Time    Dir
----------------------------------------------------------------------------------
01  21.8  31.3   14:44  15.1   06:18   0.5   4.0   2.5   2.1  29.6   19:21    NE
02  22.0  30.1   17:28  15.2   05:44   0.8   4.5   0.0   1.7  21.6   08:18   NNE
03  24.6  34.5   16:45  15.2   06:33   0.5   6.8   0.0   1.4  13.0   16:59   ENE
04  27.3  37.6   16:43  17.0   05:57   0.1   9.1   0.0   2.1  15.9   10:21    SE
05  25.3  33.4   16:15  19.7   04:25   0.0   7.0   0.0   4.4  33.2   12:21     N
06  22.0  27.1   17:46  18.1   07:24   0.0   3.7   0.0   8.4  31.7   02:24     N
07  21.4  28.7   16:46  14.2   06:19   0.8   3.8   0.0   7.1  27.4   19:06     N
08  22.2  30.4   16:57  13.1   06:25   0.9   4.8   0.0   6.1  28.1   18:49     N
09  23.5  31.5   16:48  14.2   07:03   0.4   5.5   0.0   7.5  31.0   18:11     N
10  23.8  31.6   16:56  18.3   04:30   0.0   5.5   0.0   8.5  31.7   16:23     N
11  23.6  31.7   16:44  16.7   06:29   0.2   5.5   0.0   6.3  23.8   17:37     N
12  23.0  31.3   17:21  14.3   06:37   0.4   5.1   0.0   5.9  26.7   17:37     N
13  22.6  31.1   17:54  15.2   04:40   0.7   5.0   0.0   5.2  32.4   18:13     N
14  20.7  28.7   13:14  12.7   07:03   1.3   3.7   0.0   3.5  34.6   14:56    SO
----------------------------------------------------------------------------------
    23.1  37.6     4    12.7    14     6.6  74.0   2.5   5.0  34.6    14       N

Max >=  27.0 14
Max <=   0.0  0
Min <= -10.0  0
Min <= -18.0  0
Max Rain: 2.5 on day 1
Days of Rain: 1 (>= 0.2 mm)  1 (>= 2.0 mm)  0 (>= 20.0 mm)
Heat Base: 18.3  Cool Base: 18.3  Method: Integration

powered by CumulusMX v3.6.12 (b3088) Valid HTML5    Last Cumulus update   15:55:05