Monthly Climatological Summary for avr. 2024 Name: City: Meyenheim State: Alsace, FR Elevation: 210 m Lat: N 47°° 54' 41" Lon: E 007°° 21' 19" Temperature (°°C), Rain (mm), Wind Speed (km/h) Heat Cool Avg Mean Deg Deg Wind Dom Day Temp High Time Low Time Days Days Rain Speed High Time Dir ---------------------------------------------------------------------------------- 01 9.6 12.7 18:21 8.0 09:44 8.7 0.0 12.9 6.8 46.1 10:08 SO 02 9.9 15.1 17:05 6.7 23:56 8.4 0.0 0.0 6.4 41.1 08:16 SO 03 10.1 14.2 17:40 6.2 01:56 8.2 0.0 0.0 5.7 46.9 15:33 SO 04 13.6 17.3 18:02 11.2 03:44 4.7 0.0 0.2 6.0 38.2 14:33 SO 05 16.8 24.6 13:45 10.7 07:21 2.7 1.3 0.0 3.0 47.6 13:04 SO 06 19.9 28.2 15:35 11.2 05:22 1.5 3.1 0.0 3.8 28.1 14:27 SSO 07 19.6 25.6 16:45 15.4 23:56 0.7 2.0 0.0 1.4 39.7 06:25 SO 08 18.8 26.4 17:03 12.3 03:34 1.6 2.1 0.0 1.0 15.1 05:20 SSO 09 12.5 21.8 03:05 8.0 21:58 6.1 0.3 1.2 5.5 44.7 03:30 SO 10 8.8 15.6 17:01 4.0 04:14 9.5 0.0 0.0 1.1 22.4 17:23 NNO 11 10.2 19.8 17:56 1.8 06:55 8.1 0.1 0.0 0.4 13.7 11:38 N 12 13.5 23.7 16:54 4.3 05:39 5.9 1.1 0.0 0.4 12.3 17:22 N 13 16.3 27.6 18:20 6.4 07:20 4.3 2.4 0.0 0.5 13.7 15:45 SSO 14 19.3 28.0 17:00 11.1 06:30 2.3 3.3 0.0 2.8 29.6 15:35 SO 15 15.6 20.6 15:23 9.7 23:16 2.8 0.1 0.2 5.1 49.0 16:05 OSO 16 8.2 12.8 16:09 5.4 05:31 10.1 0.0 2.5 8.6 38.9 10:26 OSO 17 7.1 11.8 15:34 4.2 21:18 11.2 0.0 1.2 3.4 35.3 17:48 OSO 18 6.7 12.4 17:11 3.9 23:16 11.6 0.0 0.0 2.5 28.8 14:17 N ---------------------------------------------------------------------------------- 13.1 28.2 6 1.8 11 108.6 15.8 18.3 3.6 49.0 15 SO Max >= 27.0 3 Max <= 0.0 0 Min <= -10.0 0 Min <= -18.0 0 Max Rain: 12.9 on day 1 Days of Rain: 6 (>= 0.2 mm) 2 (>= 2.0 mm) 0 (>= 20.0 mm) Heat Base: 18.3 Cool Base: 18.3 Method: Integration